+ 6. Let x = q - -41. What is the remainder when 99 is divided by x?
24
Calculate the remainder when ((-245)/(-2) - -2)*2/3 is divided by 22.
17
Suppose h - 12 = 5*u, 3 = -2*u - 1. Suppose 2*p = -2*x + 18, -h*x + 7 = 3*p - 4*x. Calculate the remainder when 6 is divided by p.
1
Let p(x) = 0 + 2*x - 3 + 3 - 6. Let r be p(6). Suppose 0 = -4*q - 5*y + 18 + r, 2*y - 24 = -4*q. What is the remainder when 21 is divided by q?
3
Let x = 18 - -13. Calculate the remainder when x is divided by -2 - (2 - 19 - -3).
7
Let p = 252 + -235. Calculate the remainder when 151 is divided by p.
15
Suppose 0*j + 3*j = -5*a + 26, -5*a + 5*j + 10 = 0. Suppose -11*h + 7 = -a*h. What is the remainder when 1 - (-27 - (h + -2)) is divided by 15?
12
What is the remainder when 1400 is divided by ((-450)/(-275))/(6/44)?
8
Let z(s) = 84*s + 258. Calculate the remainder when z(-3) is divided by (1 + 1 - 2) + 3.
0
Suppose 5*f + 2*t = -3 - 27, -9 = -4*f + 5*t. Suppose -8*x + 377 - 33 = 0. What is the remainder when x is divided by (f/10)/(3/(-165))?
21
Suppose -2*q - 5*k - 87 = -6*q, q = 3*k + 27. What is the remainder when 1350/(-405)*156/(-10) is divided by q?
16
Let g(z) = -z**3 - 10*z**2 - 13*z - 13. Let j be 2/((6/(-9))/(-1)). Let q(s) = s**2 + s - 4. What is the remainder when g(-9) is divided by q(j)?
7
Let j = 23 + 48. Let a = j + -264. Calculate the remainder when 10/65 - a/13 is divided by 8.
7
Suppose -d - u = -28, 5*u = -d - 0*u + 44. Suppose 0 = 46*g + 14*g - 7020. What is the remainder when g is divided by d?
21
Suppose -1 = -5*k + 4, -3*k = 4*m - 107. What is the remainder when 76 is divided by m?
24
Suppose 3*q - 56 = -b, 0 = -b + 3*q + 31 + 1. Let k(a) = 7*a**2 + 23*a + 34. Calculate the remainder when b is divided by k(-2).
12
Let f be 6/(-33) + (-91)/(-77). Let p be 8*(f - (-1)/(-2)). Suppose p = -0*h + h. What is the remainder when 13 is divided by h?
1
Let i(m) = -2*m - 22. Let u be i(-16). Suppose 2*l + 0 - u = 0. Suppose 3*d = 3*b - 39, 2*d + 0*d - 58 = -5*b. What is the remainder when b is divided by l?
2
Let q be -1*(-24)/15*-5. Let g = q - -10. What is the remainder when ((-99)/(-12))/(g/8) is divided by 18?
15
Suppose s - c + 134 = 5*s, -7*s + 3*c = -225. Calculate the remainder when 84 is divided by s.
18
Let u = -36 - -48. Suppose -2*y + 36 - u = 0. What is the remainder when 31 is divided by y?
7
Let s = -105 - -117. Suppose 0*h + 49 = 2*h + d, 0 = 4*d - s. What is the remainder when h is divided by 12?
11
Suppose 6 = 3*k, -b - 3*k + 75 = 2*b. Suppose -b*z = -18*z - 230. Let l = 5 + 11. Calculate the remainder when z is divided by l.
14
Suppose 22 = -7*x + 512. Let n = 15 + 29. Let p = n + -26. What is the remainder when x is divided by p?
16
Let h be 0*(6/9)/(5 + -3). Suppose h = -3*o - 9 + 24. Calculate the remainder when 22 is divided by o.
2
Suppose -3*h - 12 = -4*h - z, -39 = -4*h - z. Suppose -x = -2*x + h. Calculate the remainder when x is divided by 5.
4
Suppose -3*c = j - 16 - 31, 0 = -3*j - 2*c + 127. What is the remainder when 156 is divided by j?
33
Let j(y) = y - 2. Let v be j(6). Let o(p) = -v + 5*p - 2*p + 5. What is the remainder when 13 is divided by o(1)?
1
Let f(m) = 6*m**2 - 14*m - 30. Calculate the remainder when 35 is divided by f(-2).
13
Calculate the remainder when 351 is divided by (4 + -1)/((-6)/(-42)).
15
Suppose -284 = -4*m + 2*v, -4*m + 3*v + 314 = 32. Calculate the remainder when m is divided by 60.
12
Let r be 168/5 - 15/25. Suppose -n + 2*x + 3*x + r = 0, -3*n - 3*x + 135 = 0. Calculate the remainder when 128 is divided by n.
42
Calculate the remainder when 880 is divided by (-2050)/(-35) + 4 - 12/(-28).
61
Suppose -4*n + 49 = -27. Calculate the remainder when 79 is divided by n.
3
Suppose -3*q = q. Suppose -2*r - 5*c + 27 = -q*r, 2*r - 4*c = -18. Calculate the remainder when 1 is divided by r.
0
Suppose 5*d - 18*c = -14*c + 198, -d + 5*c + 27 = 0. Calculate the remainder when 536 is divided by d.
32
Let p(k) = -3*k**3 - 65*k**2 - 15*k + 41. What is the remainder when p(-22) is divided by 21?
15
Let y(l) = -l + 3. Let v be y(3). Suppose 3*f + v*f - 21 = 0. Suppose -4*b = -3*r - 108, -2*r = r. What is the remainder when b is divided by f?
6
Suppose -91*b = -94*b + 639. Calculate the remainder when b is divided by 12.
9
Let o = -4 - -7. Suppose 2*w - 2 = o*r, 5*r = 4*w - 3 + 1. Calculate the remainder when 42 is divided by r/((-60)/(-33) + -2).
9
Let d = 74 - 65. What is the remainder when 41 is divided by d?
5
Suppose 65*d + 340 = 99*d. Calculate the remainder when 23 is divided by d.
3
Suppose 5*h - 150 = -2*v, -3*h + v - 40 = -141. What is the remainder when 861 is divided by h?
29
Suppose 68 = 2*r - 2*l + 4*l, -5*l - 142 = -3*r. Let s = -21 + r. Let i(p) = p**2 - 3*p + 11. Calculate the remainder when i(8) is divided by s.
15
Let d = -19 + 69. Suppose 0 = 3*u - 145 - d. Calculate the remainder when u is divided by 23.
19
Let s = -70 + 75. Let l(i) = -2*i + 29. What is the remainder when 54 is divided by l(s)?
16
Suppose -3*u - 16*h + 18*h = -29, 2*h + 7 = u. What is the remainder when u is divided by (-1)/(2 - (-33)/(-15))?
1
Calculate the remainder when (407/(-44))/((-2)/56) is divided by 29.
27
Let f(x) = -x - 5. Let v be f(-8). Suppose 0 = -l + 2 + 5. Suppose 48 = l*y - v*y. What is the remainder when 35 is divided by y?
11
Let u = -60 + 60. Suppose 4*q - 6*q + 22 = u. Calculate the remainder when 53 is divided by q.
9
Suppose 13*r - 496 = -15. Suppose -424 = -4*p + x + r, -3*p - 2*x + 354 = 0. Calculate the remainder when p is divided by 30.
26
Calculate the remainder when 3 + ((-153)/6)/(30/(-1060)) is divided by 130.
124
Suppose 10*s - 19*s = -2088. What is the remainder when s is divided by 47?
44
Let y = -42 - -45. Suppose -w - 71 = -y*w - 5*d, d - 34 = -w. Calculate the remainder when 162 is divided by w.
30
Let v(p) = 11*p + 263. Calculate the remainder when v(-10) is divided by 64.
25
Suppose 2*v + k - 10 = -k, -v = 5*k - 13. What is the remainder when 6*1/2 - (55 + -67) is divided by v?
0
Suppose 3*y = 7*y - 12. Calculate the remainder when (-6)/y - -2 - (-335)/5 is divided by 17.
16
Suppose -9*q + 17*q = 104. What is the remainder when 81 is divided by q?
3
What is the remainder when (-78)/8*((-94)/6 + -3) is divided by 37?
34
Let n = -21 - -180. Suppose 2*h - 3*j = -0*j + n, -2*h + j = -149. Calculate the remainder when h is divided by 25.
22
Let f(r) = -4*r. Let g be 4 + (0 - (0 - 2)). Calculate the remainder when f(-4) is divided by (g + -3)*(-6)/(-6).
1
Suppose -3*c - 3*z + 2*z = -167, -290 = -5*c - 4*z. Suppose 5*t + c = 214. What is the remainder when 95 is divided by t?
31
Let q(t) = 2*t**2 + 38*t + 263. Calculate the remainder when 194 is divided by q(-8).
20
Suppose 4*g - 6 = -3*f - 0*g, 4*g = -f + 2. What is the remainder when 522/3 + 6/f is divided by 45?
42
Let n(p) = p**3 + 17*p**2 - 2*p - 31. What is the remainder when n(-7) is divided by 14?
11
Suppose 5 = s + 2. Suppose 4*o = 365 + s. What is the remainder when o is divided by 31?
30
Let x = -61 - -83. Suppose -3*u = -5*u + 12. What is the remainder when x is divided by u?
4
Suppose -5*t + 54 = -16. Suppose 0*w + t = 14*w. Calculate the remainder when 4 is divided by w.
0
Suppose -72 = -0*k - 3*k. Suppose 2*a - 12 = k. Suppose -l = -23 - 47. What is the remainder when l is divided by a?
16
Suppose 0 = h - 2*k - 327, 4*k = 9*h - 6*h - 989. Calculate the remainder when h is divided by 112.
111
Let z(f) be the first derivative of -9*f**2/2 + 3*f + 3. Let q be z(-7). Let n = q - 16. What is the remainder when n is divided by 26?
24
Suppose -2*q = 2012 - 2086. What is the remainder when 323 is divided by q?
27
Let g be -2 - (0 - (-2 + 4)). Suppose -5*v = 3*a - 770, 3*v = -4*a - g*v + 1023. Suppose -7*j = -12*j + a. Calculate the remainder when j is divided by 13.
12
What is the remainder when 8 - (-2*6)/(-4) - -73 is divided by 10?
8
Suppose 3*u + v - 4*v = 0, 4*v - 32 = -4*u. Suppose 0 = -5*b + u*g + 275, 2*g - 5 = g. What is the remainder when b is divided by 15?
14
Suppose -214 = -13*u + 566. Calculate the remainder when u is divided by 27.
6
Suppose -11 = -o + 5*i, -2*i - 8 = -o + 2*i. What is the remainder when 18 is divided by ((-1)/o)/((-2)/(-40))?
3
Let j = -17 + 40. Let o = -21 + j. Suppose o*f = 5*h - 20, 0*f - 12 = -3*h - 2*f. 